{"id":1076,"date":"2023-02-05T18:17:43","date_gmt":"2023-02-05T18:17:43","guid":{"rendered":"https:\/\/comportamentalismo.com.br\/?page_id=1076"},"modified":"2023-02-05T18:52:18","modified_gmt":"2023-02-05T18:52:18","slug":"elementor-1076","status":"publish","type":"page","link":"https:\/\/comportamentalismo.com.br\/?page_id=1076","title":{"rendered":"Testes, Question\u00e1rios, Escalas e Avalia\u00e7\u00f5es \u200b"},"content":{"rendered":"\t\t<div data-elementor-type=\"wp-page\" data-elementor-id=\"1076\" class=\"elementor elementor-1076\">\n\t\t\t\t\t\t<section class=\"elementor-section elementor-top-section elementor-element elementor-element-ad709f0 elementor-section-boxed elementor-section-height-default elementor-section-height-default\" data-id=\"ad709f0\" data-element_type=\"section\">\n\t\t\t\t\t\t<div class=\"elementor-container elementor-column-gap-default\">\n\t\t\t\t\t<div class=\"elementor-column elementor-col-100 elementor-top-column elementor-element elementor-element-3284858\" data-id=\"3284858\" data-element_type=\"column\">\n\t\t\t<div class=\"elementor-widget-wrap elementor-element-populated\">\n\t\t\t\t\t\t<div class=\"elementor-element elementor-element-07dbf80 elementor-widget elementor-widget-image\" data-id=\"07dbf80\" data-element_type=\"widget\" data-widget_type=\"image.default\">\n\t\t\t\t<div class=\"elementor-widget-container\">\n\t\t\t<style>\/*! elementor - v3.23.0 - 05-08-2024 *\/\n.elementor-widget-image{text-align:center}.elementor-widget-image a{display:inline-block}.elementor-widget-image a img[src$=\".svg\"]{width:48px}.elementor-widget-image img{vertical-align:middle;display:inline-block}<\/style>\t\t\t\t\t\t\t\t\t\t<img fetchpriority=\"high\" decoding=\"async\" width=\"1024\" height=\"769\" src=\"https:\/\/comportamentalismo.com.br\/wp-content\/uploads\/2023\/02\/brain-g5e2de8f06_1280-1024x769.png\" class=\"attachment-large size-large wp-image-1078\" alt=\"\" srcset=\"https:\/\/comportamentalismo.com.br\/wp-content\/uploads\/2023\/02\/brain-g5e2de8f06_1280-1024x769.png 1024w, https:\/\/comportamentalismo.com.br\/wp-content\/uploads\/2023\/02\/brain-g5e2de8f06_1280-300x225.png 300w, https:\/\/comportamentalismo.com.br\/wp-content\/uploads\/2023\/02\/brain-g5e2de8f06_1280-768x577.png 768w, https:\/\/comportamentalismo.com.br\/wp-content\/uploads\/2023\/02\/brain-g5e2de8f06_1280-1000x751.png 1000w, https:\/\/comportamentalismo.com.br\/wp-content\/uploads\/2023\/02\/brain-g5e2de8f06_1280-230x173.png 230w, https:\/\/comportamentalismo.com.br\/wp-content\/uploads\/2023\/02\/brain-g5e2de8f06_1280-350x263.png 350w, https:\/\/comportamentalismo.com.br\/wp-content\/uploads\/2023\/02\/brain-g5e2de8f06_1280-480x360.png 480w, https:\/\/comportamentalismo.com.br\/wp-content\/uploads\/2023\/02\/brain-g5e2de8f06_1280.png 1280w\" sizes=\"(max-width: 1024px) 100vw, 1024px\" \/>\t\t\t\t\t\t\t\t\t\t\t\t\t<\/div>\n\t\t\t\t<\/div>\n\t\t\t\t\t<\/div>\n\t\t<\/div>\n\t\t\t\t\t<\/div>\n\t\t<\/section>\n\t\t\t\t<section class=\"elementor-section elementor-top-section elementor-element elementor-element-befde50 elementor-section-boxed elementor-section-height-default elementor-section-height-default\" data-id=\"befde50\" data-element_type=\"section\">\n\t\t\t\t\t\t<div class=\"elementor-container elementor-column-gap-default\">\n\t\t\t\t\t<div class=\"elementor-column elementor-col-100 elementor-top-column elementor-element elementor-element-d44718b\" data-id=\"d44718b\" data-element_type=\"column\">\n\t\t\t<div class=\"elementor-widget-wrap elementor-element-populated\">\n\t\t\t\t\t\t<div class=\"elementor-element elementor-element-0669a36 elementor-widget elementor-widget-text-editor\" data-id=\"0669a36\" data-element_type=\"widget\" data-widget_type=\"text-editor.default\">\n\t\t\t\t<div class=\"elementor-widget-container\">\n\t\t\t<style>\/*! elementor - v3.23.0 - 05-08-2024 *\/\n.elementor-widget-text-editor.elementor-drop-cap-view-stacked .elementor-drop-cap{background-color:#69727d;color:#fff}.elementor-widget-text-editor.elementor-drop-cap-view-framed .elementor-drop-cap{color:#69727d;border:3px solid;background-color:transparent}.elementor-widget-text-editor:not(.elementor-drop-cap-view-default) .elementor-drop-cap{margin-top:8px}.elementor-widget-text-editor:not(.elementor-drop-cap-view-default) .elementor-drop-cap-letter{width:1em;height:1em}.elementor-widget-text-editor .elementor-drop-cap{float:left;text-align:center;line-height:1;font-size:50px}.elementor-widget-text-editor .elementor-drop-cap-letter{display:inline-block}<\/style>\t\t\t\t<p>Os testes, question\u00e1rios, escalas e avalia\u00e7\u00f5es s\u00e3o ferramentas utilizadas para medir principalmente aspectos da personalidade, habilidades cognitivas e emocionais de uma pessoa. Geralmente s\u00e3o feitos atrav\u00e9s de question\u00e1rios, tarefas, jogos e outros tipos de atividades que permitem avaliar caracter\u00edsticas espec\u00edficas.<\/p><p>A import\u00e2ncia dos instrumentos reside na capacidade de fornecer informa\u00e7\u00f5es valiosas sobre o indiv\u00edduo, permitindo uma compreens\u00e3o mais profunda de suas fortalezas, fraquezas e comportamentos. Eles s\u00e3o amplamente utilizados em contextos cl\u00ednicos, educacionais e empresariais, auxiliando na identifica\u00e7\u00e3o de problemas de sa\u00fade mental, na avalia\u00e7\u00e3o de habilidades para tomada de decis\u00f5es de carreira e na identifica\u00e7\u00e3o de potencial para crescimento e desenvolvimento.<\/p><p><em><strong>Em breve, nesta p\u00e1gina ser\u00e3o disponibilizados alguns testes, question\u00e1rios, escalas e avalia\u00e7\u00f5es para que voc\u00ea possa experiment\u00e1-los e aprender mais sobre si mesmo. No entanto, \u00e9 importante lembrar que os resultados de um teste psicol\u00f3gico devem ser interpretados por um profissional qualificado e n\u00e3o devem ser utilizados como uma avalia\u00e7\u00e3o definitiva da personalidade ou habilidades de uma pessoa.<\/strong><\/em><\/p>\t\t\t\t\t\t<\/div>\n\t\t\t\t<\/div>\n\t\t\t\t\t<\/div>\n\t\t<\/div>\n\t\t\t\t\t<\/div>\n\t\t<\/section>\n\t\t\t\t<\/div>\n\t\t","protected":false},"excerpt":{"rendered":"<p>Os testes, question\u00e1rios, escalas e avalia\u00e7\u00f5es s\u00e3o ferramentas utilizadas para medir principalmente aspectos da personalidade, habilidades cognitivas e emocionais de uma pessoa. [&hellip;]<\/p>\n","protected":false},"author":1,"featured_media":1078,"parent":0,"menu_order":0,"comment_status":"closed","ping_status":"closed","template":"","meta":[],"aioseo_notices":[],"_links":{"self":[{"href":"https:\/\/comportamentalismo.com.br\/index.php?rest_route=\/wp\/v2\/pages\/1076"}],"collection":[{"href":"https:\/\/comportamentalismo.com.br\/index.php?rest_route=\/wp\/v2\/pages"}],"about":[{"href":"https:\/\/comportamentalismo.com.br\/index.php?rest_route=\/wp\/v2\/types\/page"}],"author":[{"embeddable":true,"href":"https:\/\/comportamentalismo.com.br\/index.php?rest_route=\/wp\/v2\/users\/1"}],"replies":[{"embeddable":true,"href":"https:\/\/comportamentalismo.com.br\/index.php?rest_route=%2Fwp%2Fv2%2Fcomments&post=1076"}],"version-history":[{"count":20,"href":"https:\/\/comportamentalismo.com.br\/index.php?rest_route=\/wp\/v2\/pages\/1076\/revisions"}],"predecessor-version":[{"id":1108,"href":"https:\/\/comportamentalismo.com.br\/index.php?rest_route=\/wp\/v2\/pages\/1076\/revisions\/1108"}],"wp:featuredmedia":[{"embeddable":true,"href":"https:\/\/comportamentalismo.com.br\/index.php?rest_route=\/wp\/v2\/media\/1078"}],"wp:attachment":[{"href":"https:\/\/comportamentalismo.com.br\/index.php?rest_route=%2Fwp%2Fv2%2Fmedia&parent=1076"}],"curies":[{"name":"wp","href":"https:\/\/api.w.org\/{rel}","templated":true}]}}